+ 164 + -157.
-14
3 + (0 - 0) + (-236 - -113 - -124)
4
Calculate (175 - 180) + 17 + 0.
12
What is -136 + 98 + (22 - 5)?
-21
What is 0 + -1 + 7 + -1 + 3178 + -3177?
6
Evaluate -13 - (12 + -25) - -9.
9
Calculate 13 - (-1 + 5 - -3 - (-2 + 3)).
7
What is (3 + -2 - 9) + -24 - -8 - 6?
-30
Calculate 6 + -5 + 13 + -8 + 2 + 1.
9
Evaluate -32 + -3 + (3 + -4 - -9) + 7.
-20
-7 + (-5 - (12 - (-5 + 55)))
26
Calculate -47 + 39 - (1 - 4) - -1.
-4
Calculate -155 + 124 + -2 + 18 + 33.
18
What is the value of -3 + 1 - (2 + 8 - 17 - -18)?
-13
(-12 + 14 - -7) + -6
3
11 + -8 - 0 - -25 - (8 - 0)
20
What is the value of -6 + 17 + -12 - 2?
-3
What is -23 + (-22 - -30) + -7?
-22
Evaluate (5 - 2 - 7) + 4 + 3.
3
-2 - 6 - (-5 + -4)
1
-20 + 34 + -19 + -8
-13
What is the value of -9 + (-11 - (-12 - -7)) + 23?
8
Calculate -8 + 1 + -1 - (-11 - 14).
17
Calculate -31 - -2 - (-6 + (-4 - (2 + -5))).
-22
Evaluate (-2 - (-3 + 1) - -11) + 7.
18
Evaluate -48 + 58 - (1 + 4).
5
((-9 - 2) + -7 - -8) + -10
-20
Evaluate 5 + -1 - 2 - (8 + 21 + -27).
0
Evaluate 21 - (-7 - 0 - (-65 + 66)).
29
Calculate 7 + (-26 - -9) + 3 + (0 - 5).
-12
-29 + -2 + 14 + 10
-7
What is (3 - 1) + -2 + (1 - 9) + -7?
-15
What is the value of -8 - (7 - 4) - (36 + -14 - 27)?
-6
Calculate -1 + (-6 - -1) + 15.
9
Calculate -28 - (-6 + (30 + -15 - 17)).
-20
(1 - 3) + 21 + (7 + -5 - -6)
27
48 + -39 + (-6 - 2 - -5)
6
Evaluate -8 - ((1 - 5) + 10) - 3.
-17
What is the value of -6 - (-36 - (2 - (-8 - -2) - 16))?
22
What is the value of (17 + -34 - -9 - 9) + -4?
-21
What is (-3 + -4 + 17 - 5) + 7 + -10?
2
Calculate -8 - 1 - (-139 - -124 - (0 - -9)).
15
What is (27 - 7) + 15 + -21?
14
What is -3 + (12 - (-16 + 10))?
15
-6 - (21 - (22 - 7 - 9))
-21
What is the value of 6 + (35 - 15 - 15) + -13?
-2
Calculate 9 + (7 - 17) + 14.
13
What is the value of (-5 - 8 - -6) + (13 - (14 + -14))?
6
What is the value of 4 + (-11 - -6) + -6?
-7
Evaluate 8 + (-6 - 4) + -13 - (1 - -6).
-22
What is the value of (-1 - 5 - (0 - 9) - 11) + 12?
4
-3 + (-21 - -6) - (6 - -7 - 8)
-23
What is the value of (-115 - -131) + (1 - 3 - 0) - 1?
13
What is the value of (-1 - -9) + -6 + 2 + 7 - 3?
8
What is -10 + -29 + 8 + 15 + 35?
19
9 + -32 + (-1 - -4) + (18 - 25)
-27
What is the value of 1 - -12 - (-21 - (-20 + -3))?
11
What is 1 - (8 + (5 - 1 - 6) - 10)?
5
What is 6 + (12 - (-3 + 5 - -6))?
10
Calculate -49 + 12 + (152 - 150).
-35
13 - (-14 + 23 + 0)
4
What is 7 - (18 - (1 + 3)) - -12?
5
Calculate 2 - (19 + -8 - 22).
13
Evaluate -34 - (-19 + (24 - 64)).
25
What is 6 + (3 - -1) + (7 - 26 - -15)?
6
What is 10 + 1 - (5 - (11 - 9)) - -9?
17
Evaluate (-9 - (-7 - 13)) + -9 + 7.
9
What is the value of 48 + (-8 - -3 - 3) + -13?
27
-63 + 85 + (-2 - 15)
5
Evaluate 16 - ((13 - 10) + 12).
1
Evaluate 3560 - 3529 - (1 + 11 + -4 + 2).
21
What is the value of -4 - (3 + -10) - (1 - (6 - 2))?
6
Calculate -2 - (-6 - 3) - (10 + -11).
8
What is (-3 - -2) + -2 - (65 + -76)?
8
What is the value of -31 + (-2 - -2) + 31 + (64 - 87)?
-23
Evaluate -3 - 2 - ((-7 - -21) + -10) - -5.
-4
Evaluate (-270 - -280) + -6 + -1 + 0 + -1.
2
What is the value of 8 + 0 + 7 + -9 + 3?
9
Evaluate (-3 - (-9 + 1)) + 2 + 5 + -3.
9
2 + (2 - -1) + -5 - (-45 + 27)
18
Evaluate (0 - (-16 + 13)) + -15.
-12
Calculate -29 + 41 + -33 + 1.
-20
Calculate -72 - -39 - -37 - (1 + -20).
23
What is 43 + -3 + (-31 - -15)?
24
What is the value of 1 + 9 + 5 - (-11 + 23)?
3
Evaluate -1 + 22 - (-3 + 0 - (6 - 15)).
15
Calculate 6 - ((17 - 4) + -27).
20
Evaluate -5 - ((6 - (12 - 10)) + -8).
-1
What is (3 - (-2 - -12)) + (14 + -26 - -28)?
9
-3 - (8 + -6) - (5 - 19)
9
What is -19 + 20 + (-2 - 15) + -10 + 5?
-21
What is -2 + (3 - (-7 - -22)) + 11?
-3
What is the value of (-9 + 13 - -6) + (24 - 28)?
6
What is 12 - (-9 - (13 - 19))?
15
What is the value of (-5 - 8) + 24 - 11?
0
2 - (1 - 1 - (-3 - -22))
21
Evaluate 0 + 5 + 13 + -30 + 6 - 0.
-6
Evaluate 18 - (13 + -6 - -5).
6
Calculate (-5 + -3 + 11 - (1 - 2)) + -18.
-14
What is (2 + 1 - (102 - 115)) + -7?
9
Calculate 1 + 29 - (-77 - -92).
15
1 - (29 + 12 - 2 - 11 - 4)
-23
Evaluate 1 + -5 + 2 + -5 - (4 - 27).
16
What is -40 + 5 - (45 + -59)?
-21
Evaluate 1 + -23 + (7 - (-3 - (-6 - -3))).
-15
Calculate (1 + (-10 - -12) - 5) + 11.
9
Evaluate 10 + -3 + (-6 - ((-3 - 2) + 2)).
4
Calculate -12 - (-45 - (-46 - -15)).
2
What is 4 - (19 + -23 - -8)?
0
Calculate 9 + 3 + (-20 - -10) - (2 + -1).
1
7 - (-23 + 27 - (-4 - -8))
7
What is the value of -3 + (0 - (4 - (2 - 0 - 4)))?
-9
-4 + 1 - -6 - (33 - 16 - 18)
4
What is (-2 - (-2 - 1)) + -2 + (-12 - -7)?
-6
Evaluate -10 - (-13 + 12 + -7) - 15.
-17
Calculate 10 - (-3 + 2 + 9 + (-18 - -7)).
13
-5 + 6 + (23 - 6)
18
6 + 1 + (-1 + 0 - (-26 - -18))
14
What is the value of (-3 - (-1 + 7 - (-3 - -11))) + -22?
-23
What is (14 - 8) + 3 - -9?
18
Calculate (24 - 31) + 19 + 3.
15
(-1 - -13) + (-2 - (1 + -2 + -2))
13
What is -6 + (20 - (10 + 0))?
4
Evaluate (-14 - -1) + (35 - -27) + -49.
0
Evaluate (8 - (-7 - -7)) + -11 + 5.
2
What is -10 + 7 + -4 + -3 + 14 + -10?
-6
Evaluate 6 + -9 + (-1 - 9) + -19 + 20.
-12
Evaluate 20 - 27 - (8 - 18 - 5).
8
Evaluate -9 - (-35 + 7) - 24.
-5
Evaluate 5 + (-10 - -14) - 13.
-4
What is the value of -500 + 477 + 7 + 1?
-15
What is the value of 10 + -7 - (-6 + -2)?
11
What is the value of -424 - -412 - (1 + -16)?
3
What is (-10 - (1 - 0)) + (0 - 6) - -7?
-10
8 + -8 + (0 - -2) - (-6 + 5)
3
Calculate 5 + -28 + 35 - 29.
-17
Evaluate -6 + 8 + 21 + -9 + -3.
11
Evaluate 22 + 14 + -28 + -8.
0
Evaluate -3 + -1 + (-19 - -16).
-7
What is the value of 1 + 4 - (-7 + -8 + 16 + 6)?
-2
-103 - -88 - (-4 - -2)
-13
Evaluate -49 + (43 - 12) - 0.
-18
Evaluate 4 - -3 - (73 + -60).
-6
Evaluate 9 + -15 + 9 + (-5 - (-1 + -9)).
8
Evaluate -1 + 0 + 6 - (-1813 + 1787).
31
3 + -3 + 8 + (-1 - (8 + -5))
4
Evaluate (-6 - -1 - -9 - 6) + -8 + -12.
-22
What is -10 + 1 + (22 - (-27 + 48))?
-8
Evaluate -8 - 0 - (-117 - -125) - -31.
15
Calculate (7 - (-1 + 7)) + 15 + 0 + -6.
10
Evaluate 25 - (-24 + 42) - 22.
-15
Calculate (-7 - (9 - 11)) + (-3 - -2 - 6).
-12
Evaluate 15 - (-206 - -216 - (0 + 8)).
13
What is -19 - -30 - (25 + -10 + -1)?
-3
Evaluate 1 - -6 - (-1 + -3 - 17).
28
-13 + 2 + 0 + (0 + -10 - -12)
-9
Calculate (3 - 0) + -49 + 47 + (4 - -5).
10
What is the value of (-2 - 11) + (23 + -10 - 7) + -23?
-30
Evaluate 17 + 9 + (-6 + 5 - 17).
8
Evaluate (25 - 21) + (-24 - -9) + -10.
-21
What is the value of -22 + 2 + (-48 - -62) + 0 + -8?
-14
(-4 - (9 + -20)) + (4 - 11)
0
Calculate -3 + 0 + -10 + (-21 - -38) - 7.
-3
What is -22 + (39 - 13) + 4?
8
-2 + 10 + 4 + -3 + -4 + -21
-16
Calculate (34 - (-7 + 44)) + 7.
4
Calculate (15 - (4 + -3 + 2)) + -29.
-17
0 + 40 - (-22 + 41 - 42 - -33)
30
What is the value of -117 + 130 + (12 - 1)?
24
Evaluate 1 + (-1 - 1) + 15 + -6 + -12.
-4
-5 + -25 + 3 + (9 - 10)
-28
(-1 - -8) + 0 + 3 + -27
-17
Calculate 1 + -15 + 0 + -9 + 11.
-12
Calculate 7 + (-3 - (2 - 2) - -6).
10
What is the value of 9 + (3 - 7) - (12 - 19 - -21)?
-9
Calculate 1 + 23 - (294 + -261).
-9
What is the value of (-23 + 1 - -55) + -15?
18
-200 + 195 + (14 - -2)
11
0 + -3 - (-12 - (10 - 33))
-14
-8 + (20 - 20) + (-2 - 2)
-12
What is the value of (-2 - 21) + 7 + 6 + 1 + -12?
-21
What is (-47 + 19 - -50) + -7?
15
What is -1 + (4 - -1) + 11 - 37?
-22
What is the value of -3 - (5 - (-11 + 15 + -10 + 4))?
-10
What is 8 + -1 - (-21 + (8 + 2 - 1))?
19
What is the value of (581 - 557) + -35 + -1?
-12
Calculate -9 - (-13 - (6 - -2)).
12
-5 + (5 + -4 + 2 - (-26 - -3))
21
What is the value of 12 + 19 + -30 + 0?
1
What is -1 + -12 + (37 - (17 + 8))?
-1
What is (-8 - (1 - 1)) + 13 - (7 - 7)?
5
Calculate -3 - ((-9 - -3) + 3) - 9 - -6.
-3
Evaluate -18 + 8 - ((-8 - (-7 - -33)) + 10).
14
Calculate 649 + -648 + (2 - (22 + -2)).
-17
Evaluate (534 - 530) + 0 + 26 + 0.
30
What is the value of 11 - (-3 - (-9 - 24))?
-19
What is the value of (1 - -6) + (-71 - -93) + 1?
30
1 + 3 - (-7 + -5 - -23)
-7
Calculate 13 - (-24 + 31 - (0 - 1)).
5
15 + 53 + -21 - 30
17
What is the value of -18 - -9 - (2 + -21) - 21?
-11
What is the value of -88 + 43 - (-20 - 1)?
-24
What is 0 + (-6 - 3) + 10 - 19?
-18
What is the value of -14 + 3 + (48 - 35)?
2
(-3 - (3 - 17)) + 18 + (-11 - 11)
7
Evaluate -5 + 11 + (-121 - -87).
-28
Evaluate 28 + -23 + 5 - 15.
-5
Calculate -5 + (13 - (-16 - -43)).
-19
Evaluate -33 + (30 - 